{"id":121,"date":"2019-08-30T14:16:22","date_gmt":"2019-08-30T12:16:22","guid":{"rendered":"http:\/\/clairegentil.com\/?page_id=121"},"modified":"2023-11-29T01:22:26","modified_gmt":"2023-11-29T00:22:26","slug":"ame","status":"publish","type":"page","link":"https:\/\/clairegentil.com\/index.php\/accueil\/ame\/","title":{"rendered":"Accompagnement \u00e9nerg\u00e9tique"},"content":{"rendered":"\n<head><!-- Global site tag (gtag.js) - Google Analytics -->\n<script async src=\"https:\/\/www.googletagmanager.com\/gtag\/js?id=G-GKBXFVGE3X\"><\/script>\n<script>\n  window.dataLayer = window.dataLayer || [];\n  function gtag(){dataLayer.push(arguments);}\n  gtag('js', new Date());\n  gtag('config', 'G-GKBXFVGE3X');\n<\/script><\/head>\n\n\n\n<p><strong>\u00e0 Paris ou \u00e0 distance &#8211; infos et rendez-vous : 06 20 24 35 46<\/strong> ou sur&nbsp;<a href=\"https:\/\/calendly.com\/clairegentil\/seance\">Calendly ICI<\/a><\/p>\n\n\n\n<div class=\"wp-block-columns is-layout-flex wp-container-core-columns-is-layout-9d6595d7 wp-block-columns-is-layout-flex\">\n<div class=\"wp-block-column is-vertically-aligned-center is-layout-flow wp-block-column-is-layout-flow\" style=\"flex-basis:100%\"><div class=\"wp-block-image\">\n<figure class=\"alignleft size-full is-resized\"><img loading=\"lazy\" decoding=\"async\" width=\"2448\" height=\"1377\" src=\"https:\/\/clairegentil.com\/wp-content\/uploads\/2023\/11\/IMG_3146-e1572365386370-edited-5.jpg\" alt=\"\" class=\"wp-image-1289\" style=\"width:593px;height:auto\" srcset=\"https:\/\/clairegentil.com\/wp-content\/uploads\/2023\/11\/IMG_3146-e1572365386370-edited-5.jpg 2448w, https:\/\/clairegentil.com\/wp-content\/uploads\/2023\/11\/IMG_3146-e1572365386370-edited-5-300x169.jpg 300w, https:\/\/clairegentil.com\/wp-content\/uploads\/2023\/11\/IMG_3146-e1572365386370-edited-5-1024x576.jpg 1024w, https:\/\/clairegentil.com\/wp-content\/uploads\/2023\/11\/IMG_3146-e1572365386370-edited-5-768x432.jpg 768w, https:\/\/clairegentil.com\/wp-content\/uploads\/2023\/11\/IMG_3146-e1572365386370-edited-5-1536x864.jpg 1536w, https:\/\/clairegentil.com\/wp-content\/uploads\/2023\/11\/IMG_3146-e1572365386370-edited-5-2048x1152.jpg 2048w\" sizes=\"auto, (max-width: 2448px) 100vw, 2448px\" \/><\/figure>\n<\/div><\/div>\n<\/div>\n\n\n\n<h4 class=\"wp-block-heading\"><span style=\"color:#0c4e6d\" class=\"tadv-color\">Pour quoi ?<\/span><\/h4>\n\n\n\n<p class=\"has-normal-font-size\">Particuli\u00e8rement recommand\u00e9 quand on se sent bloqu\u00e9, dans une impasse, quand on a des difficult\u00e9 \u00e0 faire des choix, qu\u2019on ne sait pas ce dont on a envie.<br>Il peut aussi \u00eatre question de traverser un deuil, une s\u00e9paration, un changement professionnel. <br>C&rsquo;est aussi tout simplement l\u2019occasion de prendre le temps de regarder ce qui nous limite \u00e0 un moment donn\u00e9 et s\u2019en d\u00e9tacher.<\/p>\n\n\n\n<h4 class=\"wp-block-heading\"><span style=\"color:#0c4e6d\" class=\"tadv-color\">Comment ?<\/span><\/h4>\n\n\n\n<p class=\"has-normal-font-size\"><strong>Tout est vibration, information, \u00e9nergie. Nous aussi !<\/strong> <br><strong>Les informations et l\u2019\u00e9nergie dont nous avons besoin&nbsp;sont d\u00e9j\u00e0 l\u00e0 !<\/strong>&nbsp;<\/p>\n\n\n\n<p class=\"has-normal-font-size\">Le corps&nbsp;subtil, ou \u00e9th\u00e9rique, est connu de nombreuses traditions.&nbsp;\u00ab\u00a0Aura\u00a0\u00bb, \u00ab\u00a0aur\u00e9ole\u00a0\u00bb, \u00ab\u00a0chakra\u00a0\u00bb, etc. Des soins et ont de tout temps \u00e9t\u00e9 dispens\u00e9s en se basant sur les informations de cette \u00ab&nbsp;enveloppe&nbsp;\u00bb au del\u00e0 du corps physique. Ce <strong>corps \u00e9nerg\u00e9tique est une source d\u2019information<\/strong> sur nos probl\u00e9matiques concr\u00e8tes et sur ce qui nous g\u00e8ne dans notre vie, aujourd\u2019hui, pour \u00eatre pleinement \u00e9panouis.&nbsp;<\/p>\n\n\n\n<p class=\"has-text-align-center has-background has-normal-font-size\" style=\"background-color:#0c4e6d\"><span class=\"tadv-color\" style=\"color:#eeeeee\"><em>Recueillir les informations pr\u00e9sentes dans les corps subtils permet de mieux cerner la source de notre \u00ab\u00a0r\u00e9action\u00a0\u00bb aujourd&rsquo;hui. <\/em><\/span><\/p>\n\n\n\n<p class=\"has-normal-font-size\">Par son <strong>ressenti manuel, le th\u00e9rapeute<\/strong> interroge le&nbsp;corps \u00e9nerg\u00e9tique du patient : Quelle est sa forme ? O\u00f9 est son centre ? Des centres \u00e9nerg\u00e9tiques (chakras) sont ils perturb\u00e9s ? Des lourdeurs ou des vides sont-ils sensibles ? O\u00f9 se situe l\u2019origine de la perturbation (vie actuelle, transg\u00e9n\u00e9rationelle, karmique) ?&nbsp;Lorsque la s\u00e9ance a lieu <strong>\u00e0 distance<\/strong> (skipe ou WhatsApp), le th\u00e9rapeute se sert de son <strong>pendule <\/strong>pour recueillir ces informations.<\/p>\n\n\n\n<p class=\"has-normal-font-size\">Le <strong>dialogue<\/strong> s\u2019engage \u00e0 partir de ces premi\u00e8res informations, \u00e0 la recherche du <strong>sens de cette perturbation pour le patient, aujourd\u2019hui<\/strong>.<\/p>\n\n\n\n<p class=\"has-text-align-center has-very-light-gray-color has-text-color has-background has-normal-font-size\" style=\"background-color:#0c4e6d\"><em>Lorsque le patient a acc\u00e8s&nbsp;&nbsp;l\u2019information, il peut la reprogrammer&nbsp;de mani\u00e8re durable.&nbsp;<\/em><\/p>\n\n\n\n<p class=\"has-normal-font-size\"><strong>Les outils de transformations utilis\u00e9s sont diff\u00e9rentes formes de visualisation, hypnose consciente, <strong>constellations familliales individuelles<\/strong><\/strong>, <strong><a href=\"https:\/\/www.sylfaen.biz\/recouvrement-d-ame\">recouvrement d&rsquo;\u00e2me et recouvrement d&rsquo;aspects de l&rsquo;\u00e2me de Loan Mi\u00e8ge<\/a><\/strong>.<\/p>\n\n\n\n<p class=\"has-normal-font-size\">Le th\u00e9rapeute agit comme&nbsp;catalyseur pour guider&nbsp;le patient pas \u00e0 pas, \u00e0 son rythme, et l\u2019aider \u00e0 se connecter \u00e0 son intuition jusqu\u2019\u00e0 la prise de conscience de la source de la probl\u00e9matique et sa transformation. Il installe un climat de confiance , d\u2019amour et de bienveillance qui permet \u00e0 l\u2019\u00e2me du patient de se manifester par des ressentis, des images, des mots. &nbsp;<\/p>\n\n\n\n<p class=\"has-normal-font-size\">Pour des raisons conscientes ou inconscientes, des informations \u00e9taient jusqu\u2019\u00e0 lors rest\u00e9es bloqu\u00e9es, des sch\u00e9mas de d\u00e9fense ou d\u2019adaptation devenus obsol\u00e8tes se perp\u00e9tuaient apportant de la souffrance. Les reconnaitre, comprendre leur origine et les transformer permet de s&rsquo;en lib\u00e9rer.<\/p>\n\n\n\n<p class=\"has-text-align-center has-very-light-gray-color has-text-color has-background has-normal-font-size\" style=\"background-color:#0c4e6d\"><em>Comme nous avons nous-m\u00eames, consciemment ou non, mis en place ces protections, nous avons aussi le pouvoir de&nbsp;les d\u00e9sactiver.<\/em><\/p>\n\n\n\n<p>Si certains blocages ont une racine unique et peuvent \u00eatre lib\u00e9r\u00e9s en une s\u00e9ance, il est souvent n\u00e9cessaire de toucher plusieurs plans. Trois s\u00e9ances sont g\u00e9n\u00e9ralement recommand\u00e9es sur une probl\u00e9matique pr\u00e9cise. <br>Un suivi mensuel est aussi possible pour un travail plus global de mise en conscience. <\/p>\n\n\n\n<h4 class=\"wp-block-heading has-text-align-center\">Prenez rendez-vous 06 20 24 35 46 ou sur\u00a0<a href=\"https:\/\/calendly.com\/clairegentil\/seance\">Calendly ICI<\/a><\/h4>\n\n\n\n<p><\/p>\n","protected":false},"excerpt":{"rendered":"<p>\u00e0 Paris ou \u00e0 distance &#8211; infos et rendez-vous : 06 20 24 35 46 ou sur&nbsp;Calendly ICI Pour quoi ? Particuli\u00e8rement recommand\u00e9 quand on se sent bloqu\u00e9, dans une impasse, quand on a des difficult\u00e9 \u00e0 faire des choix, qu\u2019on ne sait pas ce dont on a envie.Il peut aussi \u00eatre question de traverser [&hellip;]<\/p>\n","protected":false},"author":1,"featured_media":0,"parent":2,"menu_order":2,"comment_status":"closed","ping_status":"closed","template":"","meta":{"footnotes":""},"class_list":["post-121","page","type-page","status-publish","hentry"],"yoast_head":"<!-- This site is optimized with the Yoast SEO plugin v27.4 - https:\/\/yoast.com\/product\/yoast-seo-wordpress\/ -->\n<title>Claire Gentil<\/title>\n<meta name=\"description\" content=\"Les outils de transformations utilis\u00e9s sont principalement diff\u00e9rentes formes de visualisation \/ hypnose consciente, et le recouvrement d&#039;\u00e2me de Loan Mi\u00e8ge.\" \/>\n<meta name=\"robots\" content=\"index, follow, max-snippet:-1, max-image-preview:large, max-video-preview:-1\" \/>\n<link rel=\"canonical\" href=\"https:\/\/clairegentil.com\/index.php\/accueil\/ame\/\" \/>\n<meta property=\"og:locale\" content=\"fr_FR\" \/>\n<meta property=\"og:type\" content=\"article\" \/>\n<meta property=\"og:description\" content=\"Les outils de transformations utilis\u00e9s sont principalement diff\u00e9rentes formes de visualisation \/ hypnose consciente, et le recouvrement d&#039;\u00e2me de Loan Mi\u00e8ge.\" \/>\n<meta property=\"og:url\" content=\"https:\/\/clairegentil.com\/index.php\/accueil\/ame\/\" \/>\n<meta property=\"og:site_name\" content=\"Claire Gentil\" \/>\n<meta property=\"article:publisher\" content=\"https:\/\/www.facebook.com\/claire.gentil.7\" \/>\n<meta property=\"article:modified_time\" content=\"2023-11-29T00:22:26+00:00\" \/>\n<meta property=\"og:image\" content=\"https:\/\/clairegentil.com\/wp-content\/uploads\/2023\/11\/IMG_3146-e1572365386370-edited-5.jpg\" \/>\n<meta name=\"twitter:card\" content=\"summary_large_image\" \/>\n<meta name=\"twitter:label1\" content=\"Dur\u00e9e de lecture estim\u00e9e\" \/>\n\t<meta name=\"twitter:data1\" content=\"3 minutes\" \/>\n<script type=\"application\/ld+json\" class=\"yoast-schema-graph\">{\"@context\":\"https:\\\/\\\/schema.org\",\"@graph\":[{\"@type\":\"WebPage\",\"@id\":\"https:\\\/\\\/clairegentil.com\\\/index.php\\\/accueil\\\/ame\\\/\",\"url\":\"https:\\\/\\\/clairegentil.com\\\/index.php\\\/accueil\\\/ame\\\/\",\"name\":\"\",\"isPartOf\":{\"@id\":\"https:\\\/\\\/clairegentil.com\\\/#website\"},\"primaryImageOfPage\":{\"@id\":\"https:\\\/\\\/clairegentil.com\\\/index.php\\\/accueil\\\/ame\\\/#primaryimage\"},\"image\":{\"@id\":\"https:\\\/\\\/clairegentil.com\\\/index.php\\\/accueil\\\/ame\\\/#primaryimage\"},\"thumbnailUrl\":\"https:\\\/\\\/clairegentil.com\\\/wp-content\\\/uploads\\\/2023\\\/11\\\/IMG_3146-e1572365386370-edited-5.jpg\",\"datePublished\":\"2019-08-30T12:16:22+00:00\",\"dateModified\":\"2023-11-29T00:22:26+00:00\",\"description\":\"Les outils de transformations utilis\u00e9s sont principalement diff\u00e9rentes formes de visualisation \\\/ hypnose consciente, et le recouvrement d'\u00e2me de Loan Mi\u00e8ge.\",\"breadcrumb\":{\"@id\":\"https:\\\/\\\/clairegentil.com\\\/index.php\\\/accueil\\\/ame\\\/#breadcrumb\"},\"inLanguage\":\"fr-FR\",\"potentialAction\":[{\"@type\":\"ReadAction\",\"target\":[\"https:\\\/\\\/clairegentil.com\\\/index.php\\\/accueil\\\/ame\\\/\"]}]},{\"@type\":\"ImageObject\",\"inLanguage\":\"fr-FR\",\"@id\":\"https:\\\/\\\/clairegentil.com\\\/index.php\\\/accueil\\\/ame\\\/#primaryimage\",\"url\":\"https:\\\/\\\/clairegentil.com\\\/wp-content\\\/uploads\\\/2023\\\/11\\\/IMG_3146-e1572365386370-edited-5.jpg\",\"contentUrl\":\"https:\\\/\\\/clairegentil.com\\\/wp-content\\\/uploads\\\/2023\\\/11\\\/IMG_3146-e1572365386370-edited-5.jpg\",\"width\":2448,\"height\":1377},{\"@type\":\"BreadcrumbList\",\"@id\":\"https:\\\/\\\/clairegentil.com\\\/index.php\\\/accueil\\\/ame\\\/#breadcrumb\",\"itemListElement\":[{\"@type\":\"ListItem\",\"position\":1,\"name\":\"Accueil\",\"item\":\"https:\\\/\\\/clairegentil.com\\\/\"},{\"@type\":\"ListItem\",\"position\":2,\"name\":\"Retrouvez la joie, la souplesse et l&rsquo;\u00e9nergie qui sont en vous\",\"item\":\"https:\\\/\\\/clairegentil.com\\\/\"},{\"@type\":\"ListItem\",\"position\":3,\"name\":\"Accompagnement \u00e9nerg\u00e9tique\"}]},{\"@type\":\"WebSite\",\"@id\":\"https:\\\/\\\/clairegentil.com\\\/#website\",\"url\":\"https:\\\/\\\/clairegentil.com\\\/\",\"name\":\"Claire Gentil\",\"description\":\"Th\u00e9rapeute Energ\u00e9ticienne\",\"potentialAction\":[{\"@type\":\"SearchAction\",\"target\":{\"@type\":\"EntryPoint\",\"urlTemplate\":\"https:\\\/\\\/clairegentil.com\\\/?s={search_term_string}\"},\"query-input\":{\"@type\":\"PropertyValueSpecification\",\"valueRequired\":true,\"valueName\":\"search_term_string\"}}],\"inLanguage\":\"fr-FR\"}]}<\/script>\n<!-- \/ Yoast SEO plugin. -->","yoast_head_json":{"title":"Claire Gentil","description":"Les outils de transformations utilis\u00e9s sont principalement diff\u00e9rentes formes de visualisation \/ hypnose consciente, et le recouvrement d'\u00e2me de Loan Mi\u00e8ge.","robots":{"index":"index","follow":"follow","max-snippet":"max-snippet:-1","max-image-preview":"max-image-preview:large","max-video-preview":"max-video-preview:-1"},"canonical":"https:\/\/clairegentil.com\/index.php\/accueil\/ame\/","og_locale":"fr_FR","og_type":"article","og_description":"Les outils de transformations utilis\u00e9s sont principalement diff\u00e9rentes formes de visualisation \/ hypnose consciente, et le recouvrement d'\u00e2me de Loan Mi\u00e8ge.","og_url":"https:\/\/clairegentil.com\/index.php\/accueil\/ame\/","og_site_name":"Claire Gentil","article_publisher":"https:\/\/www.facebook.com\/claire.gentil.7","article_modified_time":"2023-11-29T00:22:26+00:00","og_image":[{"url":"https:\/\/clairegentil.com\/wp-content\/uploads\/2023\/11\/IMG_3146-e1572365386370-edited-5.jpg","type":"","width":"","height":""}],"twitter_card":"summary_large_image","twitter_misc":{"Dur\u00e9e de lecture estim\u00e9e":"3 minutes"},"schema":{"@context":"https:\/\/schema.org","@graph":[{"@type":"WebPage","@id":"https:\/\/clairegentil.com\/index.php\/accueil\/ame\/","url":"https:\/\/clairegentil.com\/index.php\/accueil\/ame\/","name":"","isPartOf":{"@id":"https:\/\/clairegentil.com\/#website"},"primaryImageOfPage":{"@id":"https:\/\/clairegentil.com\/index.php\/accueil\/ame\/#primaryimage"},"image":{"@id":"https:\/\/clairegentil.com\/index.php\/accueil\/ame\/#primaryimage"},"thumbnailUrl":"https:\/\/clairegentil.com\/wp-content\/uploads\/2023\/11\/IMG_3146-e1572365386370-edited-5.jpg","datePublished":"2019-08-30T12:16:22+00:00","dateModified":"2023-11-29T00:22:26+00:00","description":"Les outils de transformations utilis\u00e9s sont principalement diff\u00e9rentes formes de visualisation \/ hypnose consciente, et le recouvrement d'\u00e2me de Loan Mi\u00e8ge.","breadcrumb":{"@id":"https:\/\/clairegentil.com\/index.php\/accueil\/ame\/#breadcrumb"},"inLanguage":"fr-FR","potentialAction":[{"@type":"ReadAction","target":["https:\/\/clairegentil.com\/index.php\/accueil\/ame\/"]}]},{"@type":"ImageObject","inLanguage":"fr-FR","@id":"https:\/\/clairegentil.com\/index.php\/accueil\/ame\/#primaryimage","url":"https:\/\/clairegentil.com\/wp-content\/uploads\/2023\/11\/IMG_3146-e1572365386370-edited-5.jpg","contentUrl":"https:\/\/clairegentil.com\/wp-content\/uploads\/2023\/11\/IMG_3146-e1572365386370-edited-5.jpg","width":2448,"height":1377},{"@type":"BreadcrumbList","@id":"https:\/\/clairegentil.com\/index.php\/accueil\/ame\/#breadcrumb","itemListElement":[{"@type":"ListItem","position":1,"name":"Accueil","item":"https:\/\/clairegentil.com\/"},{"@type":"ListItem","position":2,"name":"Retrouvez la joie, la souplesse et l&rsquo;\u00e9nergie qui sont en vous","item":"https:\/\/clairegentil.com\/"},{"@type":"ListItem","position":3,"name":"Accompagnement \u00e9nerg\u00e9tique"}]},{"@type":"WebSite","@id":"https:\/\/clairegentil.com\/#website","url":"https:\/\/clairegentil.com\/","name":"Claire Gentil","description":"Th\u00e9rapeute Energ\u00e9ticienne","potentialAction":[{"@type":"SearchAction","target":{"@type":"EntryPoint","urlTemplate":"https:\/\/clairegentil.com\/?s={search_term_string}"},"query-input":{"@type":"PropertyValueSpecification","valueRequired":true,"valueName":"search_term_string"}}],"inLanguage":"fr-FR"}]}},"_links":{"self":[{"href":"https:\/\/clairegentil.com\/index.php\/wp-json\/wp\/v2\/pages\/121","targetHints":{"allow":["GET"]}}],"collection":[{"href":"https:\/\/clairegentil.com\/index.php\/wp-json\/wp\/v2\/pages"}],"about":[{"href":"https:\/\/clairegentil.com\/index.php\/wp-json\/wp\/v2\/types\/page"}],"author":[{"embeddable":true,"href":"https:\/\/clairegentil.com\/index.php\/wp-json\/wp\/v2\/users\/1"}],"replies":[{"embeddable":true,"href":"https:\/\/clairegentil.com\/index.php\/wp-json\/wp\/v2\/comments?post=121"}],"version-history":[{"count":52,"href":"https:\/\/clairegentil.com\/index.php\/wp-json\/wp\/v2\/pages\/121\/revisions"}],"predecessor-version":[{"id":1294,"href":"https:\/\/clairegentil.com\/index.php\/wp-json\/wp\/v2\/pages\/121\/revisions\/1294"}],"up":[{"embeddable":true,"href":"https:\/\/clairegentil.com\/index.php\/wp-json\/wp\/v2\/pages\/2"}],"wp:attachment":[{"href":"https:\/\/clairegentil.com\/index.php\/wp-json\/wp\/v2\/media?parent=121"}],"curies":[{"name":"wp","href":"https:\/\/api.w.org\/{rel}","templated":true}]}}